m(4)?
-1
Let w(z) = -z**3 - 2*z**2 + 91*z - 267. Determine w(4).
1
Let m(s) = 4*s - 77. Determine m(4).
-61
Let r(p) = -331*p - 261. Give r(-1).
70
Let j(b) = -62*b + 1128. What is j(18)?
12
Let t(l) = -3*l**3 + 58*l**2 - 4*l - 288. Give t(19).
-3
Let i(o) = 9*o**2 + 31*o + 100. Determine i(-4).
120
Let s(u) = 2*u**3 + 73*u**2 + 104*u - 27. Calculate s(-35).
8
Let t(a) = a**2 - 20*a - 27. Give t(21).
-6
Let m(r) = r**2 + 15*r - 62. What is m(-26)?
224
Let g(y) = -3*y**2 - 85*y - 381. Calculate g(-8).
107
Let w(h) = 6*h**2 + 393*h - 194. Determine w(-66).
4
Let p(d) = -40*d - 184. What is p(-6)?
56
Let w(a) = 190*a + 270. Calculate w(2).
650
Let d(y) = -5*y - 356. What is d(-70)?
-6
Let b(d) = 4*d**3 - 47*d**2 - 14*d + 33. Calculate b(12).
9
Let a(k) = 23*k + 164. Determine a(-8).
-20
Let u(t) = 566*t**2 + 3368*t + 12. What is u(-6)?
180
Let a(z) = -175*z**3 + 2*z**2 + 3*z - 1. Determine a(-1).
173
Let z(y) = 4*y**2 + 7*y + 13. Calculate z(-11).
420
Let r(d) = -9*d**2 + 543*d + 66. Give r(61).
-300
Let w(l) = -l**3 - 22*l**2 - 71*l - 959. Calculate w(-21).
91
Let j(f) = -39*f + 618. Give j(16).
-6
Let s(l) = 111*l**2 - 27967*l - 1266. What is s(252)?
-6
Let p(m) = -7*m**2 - 20*m - 49. Calculate p(-3).
-52
Let c(z) = -1472*z + 1475. Determine c(1).
3
Let g(c) = c**2 + 94*c - 4970. What is g(38)?
46
Let q(f) = 93*f - 223. What is q(-6)?
-781
Let w(k) = -2*k**2 + 66*k + 322. What is w(31)?
446
Let k(b) = -16*b + 270. Give k(-4).
334
Let c(n) = 658*n - 1305. Calculate c(2).
11
Let r(c) = 2*c**2 + 34*c - 86. Determine r(6).
190
Let l(f) = 46*f**2 - 373*f - 7. What is l(8)?
-47
Let x(j) = 14*j**2 + 442*j - 887. Calculate x(2).
53
Let c(g) = 9*g**2 - 676*g + 2026. Calculate c(3).
79
Let y(u) = -7*u**2 + 72*u - 50. What is y(14)?
-414
Let h(b) = 11889*b - 11895. What is h(1)?
-6
Let g(k) = -k**2 - 6*k - 44. Give g(-8).
-60
Let t(f) = 49*f + 681. Calculate t(-15).
-54
Let i(t) = -3*t**3 - 72*t**2 - 61*t + 29. Give i(-23).
-155
Let c(r) = -r**3 + 123*r**2 + 906*r + 14. Determine c(-7).
42
Let p(l) = 1707*l - 15377. Determine p(9).
-14
Let f(v) = -v + 40. What is f(31)?
9
Let p(b) = -1410*b + 11286. What is p(8)?
6
Let d(n) = 751*n - 64. Determine d(0).
-64
Let f(n) = -56*n + 6139. Give f(109).
35
Let d(v) = -v**3 + 6*v**2 + 20*v - 42. What is d(8)?
-10
Let q(m) = -m**2 - 22*m + 30. What is q(-20)?
70
Let x(w) = -15*w - 936. Determine x(-59).
-51
Let n(y) = -56*y**2 + 117*y + 26. What is n(5)?
-789
Let m(k) = -16*k - 98. Give m(-6).
-2
Let y(d) = -1626*d + 76437. Calculate y(47).
15
Let a(b) = 5*b**3 + 5*b**2 - 110*b + 107. Determine a(1).
7
Let u(j) = 22*j + 403. Determine u(-16).
51
Let w(b) = 27*b + 545. Calculate w(-20).
5
Let t(v) = -12*v**2 + 947*v + 116. Calculate t(79).
37
Let u(c) = -c**2 + 747*c - 2232. Determine u(3).
0
Let v(c) = -7*c**2 - 45*c + 53. Calculate v(-8).
-35
Let h(v) = -65*v**2 - 62*v. What is h(-1)?
-3
Let n(z) = z**3 + 65*z**2 - 218*z - 964. Give n(-68).
-12
Let f(u) = u**2 + 5*u - 2. Calculate f(-20).
298
Let b(f) = -f**3 - 28*f**2 - 181*f + 104. Determine b(-17).
2
Let m(s) = 3*s**2 - 10*s + 27. Calculate m(6).
75
Let h(u) = -26*u - 69. Determine h(2).
-121
Let d(l) = 6*l**2 - 100*l - 220. Give d(-2).
4
Let u(y) = -y**2 - 129*y - 2217. Calculate u(-33).
951
Let g(j) = 4*j**2 - 12*j + 16. Give g(4).
32
Let b(r) = -r**3 + 43*r**2 + 351*r - 55. Give b(50).
-5
Let o(i) = i**3 - 7*i**2 - 79*i + 7. Give o(13).
-6
Let d(p) = 253*p - 4291. Calculate d(17).
10
Let a(v) = 86*v**2 + 947*v + 6. What is a(-11)?
-5
Let x(q) = q**2 - 34*q - 256. Give x(-7).
31
Let d(m) = 44*m + 19272. Determine d(-438).
0
Let r(k) = 2*k**2 + 140*k - 1261. Calculate r(-78).
-13
Let t(m) = 2*m**2 - 51*m - 42. Give t(9).
-339
Let a(d) = -53*d + 163. What is a(3)?
4
Let a(f) = 6*f**2 - 23*f + 12. What is a(5)?
47
Let l(g) = -3*g**3 - 50*g**2 - 30*g + 32. Determine l(-16).
0
Let u(h) = 2*h**3 - 39*h**2 - h + 384. Give u(19).
4
Let m(j) = -7*j**3 + 115*j**2 - 51*j + 31. What is m(16)?
-17
Let s(v) = v**2 + 11*v + 76. Give s(0).
76
Let f(t) = -221*t + 377. What is f(2)?
-65
Let k(r) = r**3 - 123*r**2 - 4*r + 153. Give k(123).
-339
Let g(w) = 5*w - 18. Give g(6).
12
Let r(x) = 55*x + 169. Calculate r(-5).
-106
Let m(q) = 26*q**2 - 601*q + 67. Calculate m(23).
-2
Let r(t) = 19*t**3 - 187*t**2 - 38*t + 60. Calculate r(10).
-20
Let b(y) = 327*y + 2619. Give b(-8).
3
Let g(p) = -52*p + 1811. What is g(35)?
-9
Let m(f) = 776*f - 6204. What is m(8)?
4
Let t(c) = -9*c**2 - 3. Determine t(1).
-12
Let t(r) = -29*r + 17. What is t(-12)?
365
Let v(b) = -54*b + 8115. Give v(150).
15
Let u(j) = 33*j**2 - 1617*j + 24. Calculate u(49).
24
Let z(f) = 18*f + 572. Give z(-31).
14
Let o(d) = -2*d**3 - 23*d**2 + 88*d - 38. What is o(4)?
-182
Let r(q) = -q**3 - 84*q**2 - 323*q - 120. Give r(-80).
120
Let b(z) = 13*z + 15. Calculate b(9).
132
Let c(d) = -2*d**2 - 671*d + 6197. Determine c(9).
-4
Let x(q) = -84*q**2 + 531*q + 19. Give x(6).
181
Let n(o) = -5*o**2 - 74*o - 107. What is n(-8)?
165
Let r(b) = 5*b - 19. What is r(5)?
6
Let m(a) = -206*a - 26346. Give m(-128).
22
Let o(f) = -416*f + 5419. Calculate o(13).
11
Let b(y) = 3236*y - 35600. Determine b(11).
-4
Let f(t) = 4*t**3 + 27*t**2 + 66*t + 561. Calculate f(-7).
50
Let s(l) = -60*l**2 + 43*l + 125. Determine s(-3).
-544
Let n(y) = -98*y**2 - 396*y - 1. What is n(-4)?
15
Let b(a) = -2203*a - 356889. Calculate b(-162).
-3
Let s(w) = -3*w - 149. Calculate s(-44).
-17
Let w(o) = -o**3 + 8*o**2 - 24*o + 74. Give w(5).
29
Let r(d) = d**3 + 85*d**2 - 68*d - 5775. What is r(-85)?
5
Let z(s) = 731*s + 1194. Give z(-2).
-268
Let g(a) = -2*a**2 + 8*a + 111. Determine g(-7).
-43
Let o(h) = -239*h + 5022. Give o(21).
3
Let s(h) = -926*h + 44461. Give s(48).
13
Let m(p) = -p**3 + 15*p**2 + 371*p + 115. Determine m(-13).
24
Let z(h) = -3*h**3 + 345*h**2 - 1322*h - 1106. Determine z(111).
4
Let q(b) = -114*b + 36. Calculate q(-3).
378
Let t(i) = -416*i - 53249. What is t(-128)?
-1
Let h(y) = -351*y - 2095. Calculate h(-6).
11
Let l(u) = -546*u - 8297. What is l(-15)?
-107
Let b(q) = -q**3 + 67*q**2 - 290*q + 14778. Calculate b(66).
-6
Let f(k) = k**3 - 59*k**2 - 127*k + 306. Calculate f(61).
1
Let q(j) = -j**3 + 243*j**2 + 523*j - 8084. Give q(245).
1
Let d(h) = 2*h**3 - 16*h**2 - 66*h - 36. Give d(11).
-36
Let d(g) = -g**3 + 37*g**2 + 77*g + 118. What is d(39)?
79
Let u(c) = -13*c**3 - 26*c**2 - 7*c - 9. What is u(-2)?
5
Let z(n) = 12*n**3 - 153*n**2 - 28*n - 36. Determine z(13).
107
Let r(s) = -s**2 + 48*s + 200. What is r(-4)?
-8
Let i(z) = -8*z**2 - 46*z + 12. What is i(-6)?
0
Let t(u) = 19*u + 282. Calculate t(-11).
73
Let b(u) = 43*u + 315. Give b(-17).
-416
Let v(h) = 12*h**3 - 226*h**2 - 37*h - 14. Give v(19).
5
Let g(i) = -14*i - 138. What is g(24)?
-474
Let q(u) = 2*u**2 - 17*u + 123. Determine q(10).
153
Let n(x) = -8*x + 1263. Determine n(161).
-25
Let u(f) = -f**3 + 28*f**2 + 648*f + 64. What is u(-15)?
19
Let u(o) = 8*o**2 + 228*o - 165. What is u(-29)?
-49
Let j(f) = -2614*f - 2. What is j(0)?
-2
Let j(s) = 4*s**3 - 18*s**2 + 7*s + 14. Give j(6).
272
Let j(g) = -765*g - 751. What is j(-1)?
14
Let o(z) = -z**3 + 11*z**2 + 33*z + 166. Determine o(14).
40
Let f(n) = n**3 + 6*n**2 - 865*n + 4058. Determine f(5).
8
Let q(a) = 6*a**2 + 319*a - 154. What is q(-54)?
116
Let w(r) = -2*r**2 + 418*r + 4390. Give w(-10).
10
Let y(o) = 841*o - 53807. Calculate y(64).
17
Let t(d) = d**2 - 29*d - 38. Calculate t(32).
58
Let r(x) = -x**3 + 132*x**2 + 3924*x - 20. Determine r(-25).
5
Let y(w) = 38*w - 93. What is y(-7)?
-359
Let n(p) = -2*p**3 - 22*p**2 - 11*p + 7. What is n(-11)?
128
Let p(t) = 3*t**3 - 32*t**2 + 2*t - 36. What is p(10)?
-216
Let f(v) = -70*v - 51. Determine f(-4).
229
Let j(y) = y**3 - 40*y**2 + 41*y - 82. Determine j(39).
-4
Let w(s) = 3*s**3 - 49*s**2 - 33*s - 13. Determine w(17).
4
Let u(l) = -4*l**2 - 30*l + 50. Determine u(-9).
-4
Let f(d) = 73*d**3 + 21*d**2 - 4*d - 5. Calculate f(2).
655
Let g(t) = 2*t**3 - 22*t + 51. What is g(3)?
39
Let b(a) = 636*a + 3185. What is b(-5)?
5
Let g(n) = -848*n - 5129. What is g(-6)?
-41
Let d(h) = -h**3 + 32*h**2 - 10. Determine d(32).
-10
Let q(m) = -m**3 - 60*m**2 - 321*m + 175. Calculate q(-54).
13
Let z(d) = 103*d - 1443. Give z(14).
-1
Let l(d) = d**3 + 68*d**2 - 16*d - 1041.